. Suppose 0 = 6*c - 11*c + 5, -4*c + 224 = 5*w. What are the prime factors of y(w)?
3, 251
Suppose -8*r + 8 = -24. Suppose 3*u = 9, -r*q - 4*u = -u - 1493. What are the prime factors of q?
7, 53
Let u(v) = 15*v + 126. Let y(x) = -3*x - 25. Let c(j) = -6*u(j) - 33*y(j). What are the prime factors of c(27)?
2, 3, 13
Let t = -116 + -646. Let l = -527 - t. Let b = l + -120. What are the prime factors of b?
5, 23
Suppose -41*x + 43200 = -11*x. Let o = x + -186. List the prime factors of o.
2, 3, 11, 19
Let o = -5897 + 7911. List the prime factors of o.
2, 19, 53
Suppose -202*k - 1465948 = -224*k. What are the prime factors of k?
2, 33317
Let d(i) = 6*i + 20. Let g be d(24). Let c = -60 + g. Let y = 153 - c. List the prime factors of y.
7
Let y(j) = -2*j - 20. Let b be y(-8). Let g be (b/8)/(3/(-30)). Suppose -g*c + 98 = -362. List the prime factors of c.
2, 23
Suppose 285*i = 16066352 - 2923292. List the prime factors of i.
2, 3, 7, 61
Suppose q + 17 = 4*m, 2*q = -3*m + 28 - 7. Suppose q*a - 5*a = 14. What are the prime factors of ((-39)/a - (5 - 2))*42?
2, 3
Let h = -9144 - -8935. Let g be 2 + 347 + (2 - 1). Let w = h + g. List the prime factors of w.
3, 47
Let r(d) = -61*d - 1. Let o be r(1). Let p = -55 - o. Let l = p + 97. What are the prime factors of l?
2, 13
Suppose -20*f + 20 = 2*h - 15*f, -2*h + 16 = 4*f. What are the prime factors of h + 1182 + -5 + (4 - -3)?
2, 37
Let g(v) be the second derivative of -v**4/12 - 9*v**3/2 - 67*v**2 - 122*v. List the prime factors of g(-12).
2, 23
Let r be (33 - (0 + 0)) + -1. Suppose -18*f + 10*f + r = 0. Suppose f = -a + 33. List the prime factors of a.
29
Let z = 48 - 38. Suppose 0 = -z*k + 11*k - 10. Suppose 6*f = k*f - 180. What are the prime factors of f?
3, 5
Suppose 3*v + 9 + 3 = 0. Let j be -4 + (1 + 3 - v). Suppose 0 = 3*t - j*t - 5, s - 24 = -4*t. What are the prime factors of s?
2, 11
Suppose o + i = -10 + 16, 0 = -5*o + 5*i + 30. Suppose -3*c - k = -1260, -o*k + 420 = c - 3*k. List the prime factors of c.
2, 3, 5, 7
Suppose 5*q = -3*f - 69, -4*f + q = 3*q + 78. Let x be (39/f)/((-2)/12). Suppose -x = -3*j + 2. List the prime factors of j.
5
Suppose -5*u - 12 = -a - 3, -a = -3*u - 7. List the prime factors of 176/10*70/a.
2, 7, 11
Suppose 2605 = 3*g - 2*f, f - 623 = -g + 237. List the prime factors of g.
5, 173
Let b(z) be the first derivative of z**3/3 + 12*z**2 - 338*z - 196. What are the prime factors of b(13)?
11, 13
Let u(p) = 4294*p - 1. List the prime factors of u(1).
3, 53
Let b(v) = 37*v + 1111. Let u(r) = -19*r - 556. Let f(j) = 3*b(j) + 5*u(j). What are the prime factors of f(0)?
7, 79
Suppose 50 = 4*t - 2*s - 8, 3*s = -5*t + 45. Let i be (1804/t)/((-1)/3). Let j = i + 644. What are the prime factors of j?
193
Let u = -69 - -70. Let h be 3/(2/u + 7251/(-3630)). Suppose -5*z + h = 235. What are the prime factors of z?
3, 5, 13
Let d(m) = -21*m - 89*m + 17 + 57*m. What are the prime factors of d(-4)?
229
Let b = 1259 + -657. Let a be (-7540)/15*3/2*-3. Suppose -10*j + a = b. List the prime factors of j.
2, 83
Let p = 268 + -263. Suppose l + 5*m - 333 - 93 = 0, -3*l + p*m + 1358 = 0. What are the prime factors of l?
2, 223
Suppose -5*q = 71 - 971. Suppose -44 + 84 = 8*m. Suppose m*c = 75 + q. What are the prime factors of c?
3, 17
Let k(u) = 104*u**3 - 3*u**2 + 4*u. Let d be k(1). Let j = d - -69. List the prime factors of j.
2, 3, 29
Suppose 5*w - 5923 = 2*n, -2*w + 1725 = 2*n - 647. List the prime factors of w.
3, 5, 79
Let x = 19635 + -6973. What are the prime factors of x?
2, 13, 487
Let m(v) be the second derivative of 5*v**4/12 - v**3 - v**2 - 3*v - 31. What are the prime factors of m(-4)?
2, 3, 17
Suppose -a = 12*a - 338. Suppose -x + a = y, 5*x - x - y = 94. Suppose 13*l - x*l + 473 = 0. What are the prime factors of l?
43
Suppose -2*c - 3*c = -1255. Suppose 0 = -n - 5, -513 = 3*d + 16*n - 13*n. Let v = c + d. What are the prime factors of v?
5, 17
Let g(w) = 4*w**2 - 72*w - 44. Let c = -489 - -513. List the prime factors of g(c).
2, 7, 19
Let f(k) = k**3 + 31*k**2 + 59*k + 33. Let s be f(-29). List the prime factors of ((-15372)/3)/(-6) + s.
2, 3, 11, 13
Let v be 4023/(-45) + (-4)/(-10). Let b = -38 - v. Suppose -4*j = -239 + b. What are the prime factors of j?
47
Let i(t) = 13*t - 25. Let c(f) = -14*f + 27. Let d(q) = -7*c(q) - 6*i(q). What are the prime factors of d(4)?
41
Let f(x) = -3*x**3 + 31*x**2 + 133*x - 45. List the prime factors of f(-17).
2, 7, 191
Suppose -3190073 + 9384944 = 249*v. What are the prime factors of v?
3, 8293
Suppose 4*i + 4*k - 4 = 4, 40 = -5*i + 5*k. Let c(g) = -11*g**3 + g**2 + g - 1. Let n be c(i). Let u = 504 - n. List the prime factors of u.
2, 101
Let m be (1 + 3335)*4/12. Suppose 6*l - 4*l - 4*s = 728, m = 3*l + 4*s. What are the prime factors of l?
2, 23
Let t = 1877 - 1877. Let g(u) = 2*u**3 - u**2 - 2*u + 3. Let z be g(2). Suppose t = -z*i - i + 768. List the prime factors of i.
2
Suppose 4818 = 3*y - 4*w, 3*y - 54*w - 4833 = -55*w. What are the prime factors of y?
2, 5, 7, 23
Suppose 3*h + h = 4*w + 19064, 0 = -w + 4. Suppose 6*u = 402 + h. What are the prime factors of u?
2, 431
What are the prime factors of (5/10)/((13 - 2)/82522)?
11, 31
Let j(p) = -p**2 - 7*p - 6. Let q be (-8)/(-2) - (-44)/(-11). Suppose 0 = -3*t + v - 6 - 4, -t - v - 6 = q. What are the prime factors of j(t)?
2, 3
Suppose -13*o + 9*o + 72581 = p, 0 = 4*p + 2*o - 290254. What are the prime factors of p?
3, 19, 67
Let a = -361 + 590. Suppose -x + a = -135. What are the prime factors of x?
2, 7, 13
Let a = -28326 - -84618. List the prime factors of a.
2, 3, 4691
Suppose -129*m = -125*m - 12, m - 19695 = -2*a. List the prime factors of a.
2, 3, 547
Suppose -6*x - 770 = 4810. Let h = x - -1621. List the prime factors of h.
691
Suppose 2*q = 6*w - w - 576, 4*w - 1128 = 4*q. Let j = q + 300. What are the prime factors of j?
2, 11
Let l = -45 + 56. Let s(u) = 2*u - 3. Let v be s(6). Suppose v*w + 216 = l*w. List the prime factors of w.
2, 3
Suppose 102 = -2*y + 8*y. Suppose 0 = -y*o + 18*o. Let c(a) = -a + 24. What are the prime factors of c(o)?
2, 3
List the prime factors of (-4)/(-6)*(2165 + -82)/(2/18).
2, 3, 2083
Suppose -44 = -4*p - 3*x, 3*p - 2*x - 15 - 18 = 0. List the prime factors of (p/(33/(-18)))/((-3)/123).
2, 3, 41
Suppose 141*i + 12 = 138*i, -4*i = 4*l - 8. Suppose 0 = 2*z + 2*q + 38, z - q = -3*q - 18. List the prime factors of (l - -1)/((-4)/z).
5, 7
Suppose 2*t = k - 579, 2*k = 4*k + 5*t - 1203. Let x = 151 + k. What are the prime factors of x?
2, 5, 37
Let k(i) = i**3 + 14*i**2 + 16*i - 1. Suppose 24 = 2*t - 6*t. Let p = -6 + t. List the prime factors of k(p).
5, 19
Suppose -3*h - 11*h = -17584. Let z = h - 829. What are the prime factors of z?
7, 61
Suppose -4*g + 15047 = a, -4*a = 95 - 75. List the prime factors of g.
53, 71
Suppose 11*n + 682 = -0*n. Let s = n + 65. Suppose 3*w + 5*t = 218, 4*w - 309 = -6*t + s*t. List the prime factors of w.
3
Let w be (-5)/3 - (-12768)/(-72). Let a = 626 + w. List the prime factors of a.
3, 149
Let k(h) = h**3 - 102*h**2 - 73*h + 246. List the prime factors of k(103).
2, 3, 139
Let o = -8985 - -13289. List the prime factors of o.
2, 269
List the prime factors of 4/(-38) + (-136360706)/(-3838) - 8.
35521
Suppose 3*c = 15, 12508 = 3*n + 214*c - 215*c. List the prime factors of n.
43, 97
Let i(r) = 754*r**2 - r - 4. List the prime factors of i(3).
6779
Let s = -53893 - -103840. List the prime factors of s.
3, 16649
Let f(l) = 9*l + 191. Let h be f(-29). What are the prime factors of (-62110)/h - (-2)/(-7)?
887
Let a(l) = -13*l - 9. Let v(f) = -10*f - 61. Let q be v(-6). Let g be a(q). What are the prime factors of (11/g)/(14/280)?
5, 11
Let o be 0*(3/4)/(18/(-12)). Suppose o = 2*i - 214 - 342. List the prime factors of i.
2, 139
Let t = 7716 - 5137. Let k = t - 3668. List the prime factors of (6/(-9))/((6/k)/1).
11
Let m be (-3 - 1155/9)*120/(-16). Suppose -m = -8*u + 3031. What are the prime factors of u?
2, 251
Suppose 0 = 4*y + 8, 5*y = -n + 2*y. Let i(a) = a**3 + 6*a**2 + 5*a + 24. What are the prime factors of i(n)?
2, 3
Let l = -2586 + 5917. What are the prime factors of l?
3331
Let o(c) = 488*c**2 + 95*c + 822. What are the prime factors of o(-13)?
3, 17, 1609
Let s(w) = 1314*w - 3399. List the prime factors of